 - 1 + 4 - g. Is y(-1) a prime number?
True
Let j(t) = -t**3 + 5*t**2 - 2*t + 3. Let h be j(4). Suppose 5*k - 4*a - h = 0, -5*a = -2*k - k + 4. Suppose k*p = -p + 316. Is p composite?
False
Let v(r) = -r**2 + 2*r - 3. Let g be v(8). Let j = g - -90. Is j a prime number?
False
Let i = 5 - 7. Let m(y) be the third derivative of -11*y**4/6 + y**3/6 + 4*y**2. Is m(i) prime?
True
Let m(t) = 8*t - 1. Is m(7) prime?
False
Let m(g) = -21*g + 5. Is m(-6) a composite number?
False
Suppose -3*x - 15 = 3*r - 48, -19 = -4*x + r. Suppose 2*i + i + 14 = 4*d, -2*d = -2*i - x. Suppose 66 = 5*p - i*p. Is p a composite number?
True
Suppose 3*y - 1228 = y. Suppose -z + 2*i - y = -3*z, -5*z - i + 1527 = 0. Let p = z - 212. Is p a composite number?
True
Let v = -57 + 83. Let h = 233 + v. Is h a prime number?
False
Let a(f) = f**2 + 2*f + 3. Let t be a(3). Let q = 19 + t. Is q a composite number?
False
Suppose 0 + 3 = -c. Let g = c - -6. Suppose -373 = -g*x - x + k, -2*k = -2*x + 182. Is x prime?
False
Suppose -2*b - 155 = -3*b. Let a = b + -275. Let k = a - -187. Is k composite?
False
Is -2 - 2 - -4 - -347 composite?
False
Suppose -o - 8 = -2*g + 9, -3*g = 5*o - 6. Suppose -r - g = -2*h + 4*r, -3*r = 15. Let n = h + 46. Is n prime?
True
Let w be 3/(-1) - (-18 + 4). Suppose -a - 5*v = -24, 4*a + w - 2 = v. Is a*109*(1 - 2) a prime number?
True
Let x = 322 + -173. Is x a prime number?
True
Let i = -1089 - -2348. Is i composite?
False
Is -3 + (-1960)/(10/(-2)) composite?
False
Suppose 2745 = 5*g - 5*d, 1679 = -g + 4*g + 5*d. Is g a prime number?
False
Let l(u) = u**3 + 5*u**2 - 3*u + 3. Suppose -j + 11 = -2*r + 5*r, -r = -5. Let k be l(j). Let g = k + -20. Is g a prime number?
True
Is 6538/((3/(-2))/((-3)/4)) a composite number?
True
Let v(b) = b**3 - 13*b**2 + 11*b + 14. Let m be v(12). Suppose 0 = -2*u - m*u + 12. Let l(a) = 2*a**2 + 3*a + 4. Is l(u) prime?
True
Suppose 334 = -0*v + 2*v + 2*q, 3*v + 2*q - 505 = 0. Let l = -58 + v. Is l prime?
True
Suppose 144 + 429 = 3*n. Is n a prime number?
True
Let v(g) be the first derivative of -g**2/2 + 13*g + 5. Is v(-8) prime?
False
Let x = -9 - -9. Suppose x = a + a - 298. Is a a prime number?
True
Suppose 0 = -i + 117 + 400. Let c = 732 - i. Is c a prime number?
False
Suppose -5*d - 3*p - 2*p = -8955, 5*p = -2*d + 3576. Is d a prime number?
False
Suppose 5*w - 3*j = -7*j + 3449, -w + 2*j = -687. Is w a prime number?
False
Let b = -796 - -1317. Is b a prime number?
True
Let c(v) = v**2 - 3*v - 1. Let b be c(7). Suppose q - b = 1. Suppose -3*u = f - q, 0 = -6*f + f - u + 210. Is f composite?
False
Let r(b) = 2*b**2 - 8*b - 5. Let d be (-6)/(2*(-2)/6). Is r(d) a prime number?
False
Let y be 82*(-3)/(-12)*-2. Suppose -a - 105 = 3*a + l, 2*a = -2*l - 54. Let h = a - y. Is h prime?
False
Suppose 0*r - 24 = r + l, 4*r - 3*l + 124 = 0. Let a be (-4)/14 - 120/r. Suppose 2*s + 4*i - a = 0, 8*i = -5*s + 3*i + 20. Is s a prime number?
False
Let l(z) = 68*z**2 - 2*z + 1. Suppose -3*h + 4*h + 2*p = -7, -21 = -5*h + 4*p. Is l(h) composite?
False
Let j be -2*(2/4 + -2). Suppose -j*t + 2*b = -781, -2*t - 2*b + 534 = -0*t. Is t a composite number?
False
Let b = 146 - 94. Let o = b + -33. Is o prime?
True
Suppose -3425 = -g - 2*g + 2*y, -4*y = -2*g + 2286. Is g composite?
True
Let x = -1256 - -2989. Is x prime?
True
Let l(a) = -a**3 - a**2 - 4. Let f be l(0). Let q(s) = -41*s - 1. Is q(f) a prime number?
True
Suppose -313 = -j - i, -1597 = -4*j - j + 3*i. Is j prime?
True
Let d(g) = 4*g**3 + 1 + 2 - 3*g**3 + 3*g**2. Let a be d(-3). Suppose 0 = -m + 3*t + 61, -a*m - 3*t + 4*t + 199 = 0. Is m a prime number?
True
Let k be ((3 + -9)*1)/(-1). Suppose -k*d + 7*d = 23. Is d prime?
True
Let t(y) be the third derivative of y**6/120 + 7*y**5/60 - 5*y**4/24 + y**3/3 - 3*y**2. Is t(-5) composite?
True
Suppose i - 2 - 1 = 0. Suppose i*p - 10 - 5 = 0. Suppose 2*j - 3*w - 49 = 117, -287 = -3*j - p*w. Is j a prime number?
True
Suppose 2*q + 26 = -h, 2*h - 25 = 3*q + 7. Is q + 10 - (-59 - 1) a composite number?
True
Let f = -55 - -83. Let v = -21 + f. Is v a prime number?
True
Suppose t - 699 = 82. Is t prime?
False
Suppose 3*p - 12 = -p. Suppose 2*r = 1 + p. Suppose 5*s + 3*h = 329, 3*h + 138 = r*s + h. Is s a composite number?
False
Suppose 0 = 4*y - 8*y - 12. Let p(f) = 10*f**3 - 2*f**2 + f. Let k be p(1). Let a = k + y. Is a a prime number?
False
Is 2/(-5) - (-25794)/10 a composite number?
False
Suppose -3*o = 9 - 27. Suppose b + 2*t - 17 = 0, 3*b - 3*t - o = -0*t. Suppose 0 = u + 5*s - 99, b*s - 415 = -5*u + 2*s. Is u composite?
False
Let m = 2 + 1. Suppose 3 = -m*z - 0*z. Is 22 - (-3)/(3*z) composite?
True
Let h(l) = 2*l - 2. Let t be h(5). Let r = t + -2. Is ((-98)/(-21))/(4/r) composite?
False
Let y(f) = 13*f - 4. Suppose -4*x + 1 - 6 = 5*i, 0 = -5*x. Let z be 9 - (-4)/2*i. Is y(z) prime?
False
Let t be (-4)/(-4)*(1 - -2). Let j(s) = 55*s - 2. Is j(t) a prime number?
True
Let z(h) = h**2 + h. Let y be z(-2). Let w be (-9 + y + 1)*12. Let o = -37 - w. Is o prime?
False
Let o = -88 - -164. Suppose -2*a + o = 2*a. Is a a composite number?
False
Let q be ((-12)/(-3))/(-1 + 3). Let a be 3/((9/(-6))/1). Let k = q - a. Is k a prime number?
False
Suppose -3*d + 7 = -5. Suppose f + d*n - 5 = 3*n, 0 = f + 2*n. Is f a composite number?
True
Suppose 6*r = 5*r - 142. Let o = r + 40. Let u = -49 - o. Is u composite?
False
Let u = -151 + 314. Is u prime?
True
Let b be -2*(1 - 2)*-1. Let s be b/(-7) - 48/(-28). Suppose -4*g + s*j + 38 = -0*j, -55 = -5*g + 4*j. Is g a composite number?
False
Suppose 0 = -21*k + 17*k + 2092. Is k a composite number?
False
Let d = 2404 + -1461. Is d a prime number?
False
Let h(s) = -28*s - 1. Suppose 21*x + 2 = 20*x. Is h(x) composite?
True
Let u = -1 + 3. Suppose 3*b + u*b = 3*c + 47, 4*b = 5*c + 35. Is b a prime number?
False
Let u be (3/(-2))/((-1)/2). Let a be (-2*1 - -1) + u. Suppose 0 = 4*i - 0*i - 2*c - 254, a*c - 71 = -i. Is i composite?
True
Let k = 9 + 4. Let c(u) = u**2 - 5*u + 1. Let i be c(4). Let j = i + k. Is j a prime number?
False
Let c(l) = 9*l + 13. Let y(j) = j - 5. Let f be y(11). Is c(f) composite?
False
Is (17/(-4))/(3/(-636)) a prime number?
False
Let n(l) = l**2 - 8*l + 13. Let t be n(7). Let a(j) = 53*j + 13. Is a(t) prime?
True
Let a(s) = 2*s**2 + 6*s - 9. Is a(-13) prime?
True
Let j(f) = 4*f**2 - 8*f + 11. Is j(12) prime?
True
Is (-2)/(-1 - 1)*149 a composite number?
False
Suppose 7 = -4*m - m + 3*f, -4*f + 16 = 0. Suppose -3*q = -4*h - 703, -3*h + 7 = m. Is q a composite number?
True
Let d(k) = k**3 - 4*k**2 + 3*k - 5. Let i(j) = -j + 7. Let m be i(5). Suppose 5*v - m*f = 32 - 13, 2*v - 19 = -3*f. Is d(v) composite?
True
Let o(x) = -7*x**2 + 11*x - 19. Let v(u) = 3*u**2 - 5*u + 9. Let c(q) = -4*o(q) - 9*v(q). Let y be c(5). Suppose 99 = 2*a + y. Is a prime?
True
Suppose 4*j = 2*y + 774, -j + 196 + 5 = -2*y. Is j composite?
False
Suppose 0 = s - 4*i + 17 - 1, 3*i - 15 = 0. Suppose 155 + 29 = s*v. Is v composite?
True
Let c = -8 - -13. Suppose -r + 9 = h + 2*r, -101 = -c*h - r. Is h prime?
False
Let o be 2*((-439)/(-2) - 3). Suppose -p + 3*c = -172, -3*p + 2*c + 104 = -o. Let n = 308 - p. Is n a composite number?
False
Let g(f) = 1 - 2 + 13*f**2 - 2*f + 1 + 3. Let j be g(4). Suppose 0*z - 106 = -2*z - 5*w, -5*z + 3*w = -j. Is z a prime number?
True
Let s(q) = 13*q**2 + 6*q + 22. Is s(-10) prime?
False
Suppose 6*l - 6 = 3*l. Suppose 8*k - 4*k - 112 = -2*p, 4*p = -l*k + 194. Is p a prime number?
False
Let p be (-6)/18 - (-1010)/(-3). Let r = -44 - p. Is r prime?
True
Let a(s) be the third derivative of s**5/60 + s**4/6 - s**3/2 - 2*s**2. Let o be a(-5). Suppose 0 = 7*w - o*w - 125. Is w a prime number?
False
Let y be (-1910)/20 + (-2)/(-4). Let c = -26 - y. Is c a prime number?
False
Suppose -8 = -3*l + 1. Suppose 4*g - 611 = g - j, -631 = -l*g + 4*j. Is g prime?
False
Suppose -10 = -2*z - 0. Suppose 406 = -z*o + 7*o. Is o prime?
False
Let d(c) = -c - 6. Let b be d(-6). Suppose 257 = 4*h + k - 192, b = -2*h - 4*k + 214. Is h prime?
True
Is (168/(-112))/(6/(-6340) + 0) a composite number?
True
Let w be (-2 + 1)/(2/(-74)). Suppose 3*c - 5*n + w = 483, 0 = 4*c + n - 633. Is c prime?
True
Suppose 3*a - 3*c - 714 = 0, 2*c + 486 = 2*a - 2*c. Is a a composite number?
False
Suppose 0*i - 5 = -i. Let v = i + -3. S